t a(m) be the second derivative of -m**6/180 + m**5/40 + m**4/24 - 29*m**3/6 - 12*m + 2. Let w(h) be the second derivative of a(h). Determine w(3).
-8
Let p = 314 - 316. Let c(z) = 4*z**2 - 3*z - 2. Give c(p).
20
Let v(o) be the second derivative of -o**5/20 - o**4/3 + o**3/6 + 3*o**2 + o + 24. Determine v(-4).
2
Let t(j) = -j**3 + 3*j - 3. Suppose 81*y - 132 = 15*y. What is t(y)?
-5
Let d(r) = -r**3 - 4*r**2 - 4*r - 3. Let f be (-6)/(-5)*-5 - -3. What is d(f)?
0
Let x(r) be the first derivative of r**2 + 3*r + 3. Let d be x(-2). Let w = -3 - d. Let h(j) = -2*j**2 + 2*j. Calculate h(w).
-12
Suppose -4*b + 19 = 2*n - 7*b, -20 = -n + 5*b. Suppose -4*r - 20 = 0, 0 = 4*g - 0*r + n*r + 5. Let i(z) = z**2 - 3*z + 2. Determine i(g).
12
Suppose -5*h + 0*h = -20. Let y(p) = h + 3 + 1 + p. Let q be y(-9). Let d(c) = 11*c**2 + c. Calculate d(q).
10
Let o be 1 + (1 - 3)/(-2). Suppose -o*k - 13 = -23. Let w(y) = 4*y - 3*y + 2*y. Calculate w(k).
15
Let t(i) = -i**3 - 6*i**2 - 6*i + 4. Let q = 697 + -702. Give t(q).
9
Let x(k) = 10*k**3. Let f(d) = 14*d - 57. Let a be f(4). Calculate x(a).
-10
Let h be ((-2)/5)/(8/(-20)). Let d be (-20)/(-24) - h/(-6). Let k(j) = -4 - j - 3*j + d. What is k(-2)?
5
Suppose -64 = -4*u + 12*l - 17*l, 2*u = l + 32. Let a(i) = -i**3 + 15*i**2 + 14*i + 21. Give a(u).
-11
Let n(p) = -7*p**2 - p. Let q(o) = 9*o - 91. Let f be q(10). What is n(f)?
-6
Suppose -3 = 2*q - q - 3*g, -3 = -g. Let d(z) = -z - 1. What is d(q)?
-7
Suppose 8 = c + 5. Let z(y) = -y**2 + 6*y - 3. Let n be z(5). Let j(f) = -2*f**n + 5 + 3*f**2 - 2*f - 2. Give j(c).
6
Let t(w) = 2*w + 89*w**2 - 1 - 3 + w**3 - 86*w**2 - 1. What is t(-4)?
-29
Let n(j) = j**2 - 5*j + 1. Let f(q) = 4*q + 2 - 3*q + 2 + 6. Let w = -19 + 13. Let l be f(w). Determine n(l).
-3
Let a(x) = 3*x**2 - x + 4. Let i(b) = 10*b**2 - 2*b + 11. Let j(d) = -7*a(d) + 2*i(d). Suppose -39*h = -57*h + 72. Calculate j(h).
-10
Let r(i) = -i - 8. Let o(u) = -u + 11. Let b be o(-5). Suppose 3*w - b = -4. Let l(p) = -2*p + 1. Let z be l(w). Calculate r(z).
-1
Let h = -11 + 2. Let s(t) = -4*t**2 - 20*t + 28. Let a(j) = -j**2 - 5*j + 7. Let v(o) = h*a(o) + 2*s(o). Suppose 122*f + 30 = 117*f. What is v(f)?
-1
Suppose -w + 5 = 7. Let m be (0 - -6)*w/3. Let h(u) = u + 2. Give h(m).
-2
Let m(s) be the first derivative of -2 - 5*s + 1/3*s**3 - 3*s**2. Let j be (-1)/7 - (-11 + 476/98). Calculate m(j).
-5
Let x(r) = -r**3 + 3*r**2 + r + 4. Let g(a) = a + 4. Let v be g(-2). Let f be ((-2)/(-4) + v/4)*3. What is x(f)?
7
Suppose 16 = -11*m + 15*m. Let s be ((-8)/12)/(0 - m/24). Let p(y) = y**2 - 7*y + 5. Calculate p(s).
-7
Let n(t) = 5 + 4 - 4 - 6*t + 1. Determine n(3).
-12
Let u(g) = 4 + 3*g**2 + 0*g**3 - 4*g**2 + 2*g - g**3 - 2. Calculate u(-2).
2
Let j(b) = -13*b - 4. Let l = -2123 - -2122. Calculate j(l).
9
Let w(h) = h**3 + 6*h**2 + 3*h + 13. Let g = -604 - -598. Calculate w(g).
-5
Let q(n) be the third derivative of -n**6/120 - n**5/20 - n**4/24 + 2*n**3/3 + 8*n**2 - 3*n. Determine q(-2).
2
Suppose 8*q + 18 = 98. Suppose -7*b - q = -5*b. Let n(t) = -t + 3. Calculate n(b).
8
Let s(w) = 7*w**2 + 9*w + 4. Let j(v) = 12*v**2 + 16*v + 8. Let d(b) = -3*j(b) + 5*s(b). Calculate d(-2).
-2
Let z = -2 + 8. Let o(a) = 3*a - 14. Let c be o(7). Let n(t) = -t + 9*t**2 + 9*t**2 - 17*t**2 - 4*t - c. Give n(z).
-1
Let m be (2/(-6))/((-7)/42). Let l(u) = 5 + 0*u - u - m. Determine l(4).
-1
Let n(s) = -s**3 + 18*s**2 - 17*s - 24. Let r(p) = 15*p**2 + 3*p - 1. Let k be r(1). Calculate n(k).
-24
Let g = 4 + 1. Let i(y) = -44 - y + 8 + 47. Calculate i(g).
6
Let c(k) be the second derivative of -1/12*k**4 - 1/3*k**3 + 3/2*k**2 + 0 - 16*k. What is c(-3)?
0
Suppose -l = 31 - 3. Let r = l - -26. Let f(h) = -4*h - 3. What is f(r)?
5
Let y(n) = n**2 - 13*n + 17. Suppose -4*j + 24 = -2*j. Let g be y(j). Suppose -t - g + 11 = -u, 5*t - 21 = 2*u. Let s(q) = -q**2 + 2*q + 1. Calculate s(t).
-2
Let b(h) be the first derivative of -h**2 + 7*h + 19. Calculate b(-6).
19
Let h(n) = n**3 + 5*n**2 - 8*n - 6. Let o be (5/2)/(2/(-4)). Let x(q) = -2*q**3 - 10*q**2 + 16*q + 12. Let p(u) = o*h(u) - 3*x(u). Calculate p(-6).
6
Let r(b) = -5*b + 2. Suppose j = -j - 8*j. Suppose -2*l + 5*a + 4 = 0, j*a - 8 = -4*l - 3*a. Give r(l).
-8
Let b(c) = -c**2 + 13*c + 2. Let w = 269 + -258. What is b(w)?
24
Suppose -4*h + 12 = -i, 0 = -4*h - 5*i - 20 + 8. Let q(a) = -h + 4 + 0 - 2*a - 1. Determine q(-3).
7
Let r be (-78)/(-6)*(-1 - -2). Suppose -2*j - 2*x - 5 = -r, -x = -j. Let i(o) = -o + 5 - 4*o**j - 3 + 1 + 1 - o**3. What is i(-3)?
-2
Let j(r) = r**2 + 34*r + 214. Let n be j(-26). Let g(f) = f**3 - 4*f**2 - 13*f + 2. What is g(n)?
-4
Let g = 13 - 7. Suppose 5*t - 2*t - g = 0. Let i(s) = -3*s - 3*s**2 - 2*s - s + t*s**2 - 1. What is i(-5)?
4
Let n(f) be the third derivative of -f**5/20 + f**4/12 - f**3/3 - 2*f**2 - 42. Calculate n(2).
-10
Let q(j) = -7*j**3 + 16*j**2 + 11*j + 4. Let l(r) = -9*r**3 + 16*r**2 + 10*r + 4. Let t(y) = -4*l(y) + 5*q(y). What is t(-15)?
4
Let w(b) = -b**3 - 4*b**2 - 2*b + 3. Let x(k) = -6*k - 4*k + 13*k - 6 - 3. Let h be x(2). Determine w(h).
0
Suppose 4*c - 6 = g, -2*g = 4*c + g - 14. Let y(b) be the first derivative of 1/3*b**3 + 3/2*b**c + 6 - 3*b. Calculate y(-3).
-3
Let m(f) be the second derivative of 7*f**3/6 - 2*f**2 + 336*f. Determine m(-5).
-39
Let h(b) = 11*b**2 + 4*b + 9. Let o(x) = -46*x**2 - 15*x - 37. Let s(a) = -9*h(a) - 2*o(a). Determine s(-3).
-52
Let r(w) = 5*w + w**2 + 6 + 10*w**3 + 2*w**2 - 9*w**3. Let s = 792 + -796. Determine r(s).
-30
Let n(y) = 4*y + 7. Let h(w) = 4*w + 7. Let v(i) = 7*h(i) - 6*n(i). What is v(-2)?
-1
Suppose 35 = -5*n - 5*b, 7*n - 8*n - 10 = -2*b. Let l(w) = w**3 + 8*w**2 + 4*w + 4. What is l(n)?
-28
Let j(u) = u**3 + 6*u**2 + 6*u - 1. Let a be 64/(-14) - 1/((-49)/(-21)). Calculate j(a).
-6
Let g(t) = 19*t - 23. Let h(p) = -9*p + 11. Let m(l) = -6*g(l) - 13*h(l). Calculate m(4).
7
Let r(f) be the third derivative of f**5/12 + f**4/24 + f**2. Suppose 0 = -4*u - 2*t + 4, -2*u + 327*t - 325*t + 2 = 0. What is r(u)?
6
Let n(r) be the third derivative of -r**5/60 - r**4/3 + r**3 + 1139*r**2. Let s(x) = -x**3 + 3*x**2 - x - 4. Let p be s(3). Determine n(p).
13
Suppose -3*g - 5 = -2*r + 7, -3*r - 1 = 5*g. Let i = r - 9. Let v(t) = t**3 + 7*t**2 + 8*t - 6. Calculate v(i).
-18
Let p(w) = -3*w**2 - 2*w + 2. Suppose 3*h - 19 = 2*i - 4*i, 5*h - 10 = i. Suppose -2*v = v + 5*s + 16, -h*s - 14 = 4*v. What is p(v)?
-6
Let s(a) = a**2 + 5*a - 4. Let p be s(-6). Let c(d) be the first derivative of -d**4/4 + 2*d**3/3 + d**2 - 3*d - 275. What is c(p)?
1
Let g be (-138)/(-30) - 4/(-10). Let z(w) = -w**3 + w - 5*w + 3*w**2 + g*w + w - 3. Determine z(4).
-11
Suppose c = -3*d - 30, d - 4*c + 50 = -4*d. Let a(x) = -x**2 - 12*x - 14. Determine a(d).
6
Let o(y) = -2*y**2 - 7*y - 1. Suppose 0 = 6*r - r - 10. Suppose z = 3, -1 + r = 5*a - 3*z. Let n(u) = -u**2 - 7*u. Let t(b) = a*o(b) - 3*n(b). Determine t(5).
8
Let s = -1 + 2. Let d(b) be the third derivative of -b**6/120 + b**5/30 - b**3/6 + b**2 - 94. What is d(s)?
0
Let r be (-81)/6*4/6. Let l = r - -14. Let m be l/1*44/55. Let b(k) = k - 3. Calculate b(m).
1
Let j(v) = -7*v + 9. Let z(q) = -84*q + 105. Let a(k) = 35*j(k) - 3*z(k). Determine a(-3).
-21
Let d(v) = 7 - 4*v**3 - 4*v**3 + 12*v**3 + v**2 - 5*v - 3*v**3 + 2*v. Let f = 3 + -2. Let b(c) = -1. Let p(s) = f*d(s) + 4*b(s). Calculate p(2).
9
Let g(w) = 2*w + 7. Let k(z) = 1. Let q(i) = g(i) - 4*k(i). Let m(r) = 13*r + 7. Let v be m(-1). Let o = v - -4. Determine q(o).
-1
Let f be (-96)/(-45) + 18/(-135). Let b(t) = -t**3 + f*t**2 + 48*t - t**3 - t**3 - 49*t. What is b(1)?
-2
Suppose -3*u = -4*o - 4*u - 23, -o - 3*u - 14 = 0. Let q(x) = x**3 - 522 + 4*x**2 - 525 + 1042 - 7*x. What is q(o)?
5
Let r(v) be the third derivative of v**4/4 + 1320*v**2. Suppose 3*a - 6 = z, a - 4*a = 2*z - 15. Give r(a).
18
Let m(f) = -f**2 + 12*f - 30. Let j be m(8). Let p(o) be the first derivative of -1/4*o**4 + 2*o - 5/2*o**j + 2*o**3 - 1. Determine p(5).
2
Let p(t) be the third derivative of t**4/6 - t**3/3 - 8*t**2 - 2. Give p(-5).
-22
Suppose -14 - 18 = -8*d. Let r(b) = -2*b - 4. Calculate r(d).
-12
Let l(f) = f**3 - 9*f**2 - 22*f - 10. Let r be l(11). Let s(u) = -u**2 - 10*u - 2. Calculate s(r).
-2
Let q(t) = -12*t**2 + 2 + 134*t + 